{"id":538,"date":"2024-09-27T23:50:08","date_gmt":"2024-09-27T23:50:08","guid":{"rendered":"https:\/\/grapos-softdrinks.cz\/?page_id=538"},"modified":"2026-03-22T19:02:41","modified_gmt":"2026-03-22T19:02:41","slug":"brooklynska-bio-technologia","status":"publish","type":"page","link":"https:\/\/grapos-softdrinks.cz\/?page_id=538","title":{"rendered":"Brooklynsk\u00e1 BIO technol\u00f3gia"},"content":{"rendered":"\t\t<div data-elementor-type=\"wp-page\" data-elementor-id=\"538\" class=\"elementor elementor-538\" data-elementor-post-type=\"page\">\n\t\t\t\t<div class=\"elementor-element elementor-element-283d167 e-flex e-con-boxed e-con e-parent\" data-id=\"283d167\" data-element_type=\"container\" data-e-type=\"container\">\n\t\t\t\t\t<div class=\"e-con-inner\">\n\t\t\t\t<div class=\"elementor-element elementor-element-cbcba4b elementor-post-navigation-borders-yes elementor-widget elementor-widget-post-navigation\" data-id=\"cbcba4b\" data-element_type=\"widget\" data-e-type=\"widget\" data-widget_type=\"post-navigation.default\">\n\t\t\t\t<div class=\"elementor-widget-container\">\n\t\t\t\t\t\t\t<div class=\"elementor-post-navigation\">\n\t\t\t<div class=\"elementor-post-navigation__prev elementor-post-navigation__link\">\n\t\t\t\t<a href=\"https:\/\/grapos-softdrinks.cz\/?page_id=536\" rel=\"prev\"><span class=\"post-navigation__arrow-wrapper post-navigation__arrow-prev\"><i class=\"fa fa-arrow-circle-left\" aria-hidden=\"true\"><\/i><span class=\"elementor-screen-only\">Prev<\/span><\/span><span class=\"elementor-post-navigation__link__prev\"><span class=\"post-navigation__prev--label\">P\u0159edchoz\u00ed str\u00e1nka<\/span><span class=\"post-navigation__prev--title\">Brooklynsk\u00e1 technol\u00f3gia<\/span><\/span><\/a>\t\t\t<\/div>\n\t\t\t\t\t\t\t<div class=\"elementor-post-navigation__separator-wrapper\">\n\t\t\t\t\t<div class=\"elementor-post-navigation__separator\"><\/div>\n\t\t\t\t<\/div>\n\t\t\t\t\t\t<div class=\"elementor-post-navigation__next elementor-post-navigation__link\">\n\t\t\t\t<a href=\"https:\/\/grapos-softdrinks.cz\/?page_id=1082\" rel=\"next\"><span class=\"elementor-post-navigation__link__next\"><span class=\"post-navigation__next--label\">Dal\u0161\u00ed str\u00e1nka<\/span><span class=\"post-navigation__next--title\">Na\u0161e mont\u00e1\u017ee<\/span><\/span><span class=\"post-navigation__arrow-wrapper post-navigation__arrow-next\"><i class=\"fa fa-arrow-circle-right\" aria-hidden=\"true\"><\/i><span class=\"elementor-screen-only\">Next<\/span><\/span><\/a>\t\t\t<\/div>\n\t\t<\/div>\n\t\t\t\t\t\t<\/div>\n\t\t\t\t<\/div>\n\t\t\t\t\t<\/div>\n\t\t\t\t<\/div>\n\t\t<div class=\"elementor-element elementor-element-2f6f76b e-flex e-con-boxed e-con e-parent\" data-id=\"2f6f76b\" data-element_type=\"container\" data-e-type=\"container\">\n\t\t\t\t\t<div class=\"e-con-inner\">\n\t\t<div class=\"elementor-element elementor-element-4d484b3 e-con-full e-flex e-con e-child\" data-id=\"4d484b3\" data-element_type=\"container\" data-e-type=\"container\">\n\t\t\t\t<div class=\"elementor-element elementor-element-5f8b647 elementor-widget elementor-widget-heading\" data-id=\"5f8b647\" data-element_type=\"widget\" data-e-type=\"widget\" data-widget_type=\"heading.default\">\n\t\t\t\t<div class=\"elementor-widget-container\">\n\t\t\t\t\t<h2 class=\"elementor-heading-title elementor-size-default\">Brooklyn -\nBIO &amp; Vitaminbar<\/h2>\t\t\t\t<\/div>\n\t\t\t\t<\/div>\n\t\t\t\t<div class=\"elementor-element elementor-element-eabf11f elementor-widget elementor-widget-text-editor\" data-id=\"eabf11f\" data-element_type=\"widget\" data-e-type=\"widget\" data-widget_type=\"text-editor.default\">\n\t\t\t\t<div class=\"elementor-widget-container\">\n\t\t\t\t\t\t\t\t\t<p>Brooklynsk\u00e1 \u201eBIO &amp; Vitaminbar\u201c je exkluzivn\u00ed technologie \u010depov\u00e1n\u00ed pro 100% organick\u00e9 \u0161\u0165\u00e1vy. Syst\u00e9m se p\u0159izp\u016fsobuje p\u0159\u00edslu\u0161n\u00fdm pot\u0159eb\u00e1m pomoc\u00ed r\u016fzn\u00fdch n\u00e1stavc\u016f.<\/p>\t\t\t\t\t\t\t\t<\/div>\n\t\t\t\t<\/div>\n\t\t\t\t<\/div>\n\t\t\t\t\t<\/div>\n\t\t\t\t<\/div>\n\t\t<div class=\"elementor-element elementor-element-cbe67dc e-flex e-con-boxed e-con e-parent\" data-id=\"cbe67dc\" data-element_type=\"container\" data-e-type=\"container\">\n\t\t\t\t\t<div class=\"e-con-inner\">\n\t\t<div class=\"elementor-element elementor-element-4e47d48 e-con-full e-flex e-con e-child\" data-id=\"4e47d48\" data-element_type=\"container\" data-e-type=\"container\">\n\t\t\t\t<div class=\"elementor-element elementor-element-b0ad666 elementor-widget elementor-widget-heading\" data-id=\"b0ad666\" data-element_type=\"widget\" data-e-type=\"widget\" data-widget_type=\"heading.default\">\n\t\t\t\t<div class=\"elementor-widget-container\">\n\t\t\t\t\t<h2 class=\"elementor-heading-title elementor-size-default\">Brooklyn -\nBIO &amp; Vitaminbar<\/h2>\t\t\t\t<\/div>\n\t\t\t\t<\/div>\n\t\t\t\t<div class=\"elementor-element elementor-element-87d036f elementor-widget elementor-widget-text-editor\" data-id=\"87d036f\" data-element_type=\"widget\" data-e-type=\"widget\" data-widget_type=\"text-editor.default\">\n\t\t\t\t<div class=\"elementor-widget-container\">\n\t\t\t\t\t\t\t\t\t<div class=\"one_third last\">Exkluzivn\u00ed Brooklyn BIO &amp; Vitaminbar nab\u00edz\u00ed 3 organick\u00e9 \u0161\u0165\u00e1vy a vitam\u00ednovou vodu. R\u016fzn\u00e9 dopl\u0148ky, jako jsou sklen\u011bn\u00e9 poli\u010dky, dod\u00e1vaj\u00ed jedine\u010dn\u00fd \u201eBrooklyn vzhled\u201c.<\/div>\t\t\t\t\t\t\t\t<\/div>\n\t\t\t\t<\/div>\n\t\t\t\t<\/div>\n\t\t<div class=\"elementor-element elementor-element-69a0fab e-con-full e-flex e-con e-child\" data-id=\"69a0fab\" data-element_type=\"container\" data-e-type=\"container\">\n\t\t\t\t<div class=\"elementor-element elementor-element-34f875b elementor-widget elementor-widget-image\" data-id=\"34f875b\" data-element_type=\"widget\" data-e-type=\"widget\" data-widget_type=\"image.default\">\n\t\t\t\t<div class=\"elementor-widget-container\">\n\t\t\t\t\t\t\t\t\t\t\t\t\t\t\t<img fetchpriority=\"high\" decoding=\"async\" width=\"217\" height=\"300\" src=\"https:\/\/grapos-softdrinks.cz\/wp-content\/uploads\/2026\/03\/Pic_SA_BYN_Brkfst-Bar_P1101_rgb-741x1024-2-217x300-1.jpg\" class=\"attachment-medium size-medium wp-image-16573\" alt=\"\" \/>\t\t\t\t\t\t\t\t\t\t\t\t\t\t\t<\/div>\n\t\t\t\t<\/div>\n\t\t\t\t<\/div>\n\t\t\t\t\t<\/div>\n\t\t\t\t<\/div>\n\t\t\t\t<\/div>\n\t\t","protected":false},"excerpt":{"rendered":"<p>Brooklyn &#8211; BIO &amp; Vitaminbar Brooklynsk\u00e1 \u201eBIO &amp; Vitaminbar\u201c je exkluzivn\u00ed technologie \u010depov\u00e1n\u00ed pro 100% organick\u00e9 \u0161\u0165\u00e1vy. Syst\u00e9m se p\u0159izp\u016fsobuje p\u0159\u00edslu\u0161n\u00fdm pot\u0159eb\u00e1m pomoc\u00ed r\u016fzn\u00fdch n\u00e1stavc\u016f. Brooklyn &#8211; BIO &amp; Vitaminbar Exkluzivn\u00ed Brooklyn BIO &amp; Vitaminbar nab\u00edz\u00ed 3 organick\u00e9 \u0161\u0165\u00e1vy a vitam\u00ednovou vodu. R\u016fzn\u00e9 dopl\u0148ky, jako jsou sklen\u011bn\u00e9 poli\u010dky, dod\u00e1vaj\u00ed jedine\u010dn\u00fd \u201eBrooklyn vzhled\u201c.<\/p>\n","protected":false},"author":1,"featured_media":0,"parent":0,"menu_order":0,"comment_status":"closed","ping_status":"closed","template":"elementor_header_footer","meta":{"footnotes":""},"class_list":["post-538","page","type-page","status-publish","hentry","entry"],"_links":{"self":[{"href":"https:\/\/grapos-softdrinks.cz\/index.php?rest_route=\/wp\/v2\/pages\/538","targetHints":{"allow":["GET"]}}],"collection":[{"href":"https:\/\/grapos-softdrinks.cz\/index.php?rest_route=\/wp\/v2\/pages"}],"about":[{"href":"https:\/\/grapos-softdrinks.cz\/index.php?rest_route=\/wp\/v2\/types\/page"}],"author":[{"embeddable":true,"href":"https:\/\/grapos-softdrinks.cz\/index.php?rest_route=\/wp\/v2\/users\/1"}],"replies":[{"embeddable":true,"href":"https:\/\/grapos-softdrinks.cz\/index.php?rest_route=%2Fwp%2Fv2%2Fcomments&post=538"}],"version-history":[{"count":28,"href":"https:\/\/grapos-softdrinks.cz\/index.php?rest_route=\/wp\/v2\/pages\/538\/revisions"}],"predecessor-version":[{"id":16576,"href":"https:\/\/grapos-softdrinks.cz\/index.php?rest_route=\/wp\/v2\/pages\/538\/revisions\/16576"}],"wp:attachment":[{"href":"https:\/\/grapos-softdrinks.cz\/index.php?rest_route=%2Fwp%2Fv2%2Fmedia&parent=538"}],"curies":[{"name":"wp","href":"https:\/\/api.w.org\/{rel}","templated":true}]}}