{"id":532,"date":"2024-09-25T22:49:15","date_gmt":"2024-09-25T22:49:15","guid":{"rendered":"https:\/\/grapos-softdrinks.cz\/?page_id=532"},"modified":"2026-03-22T18:32:53","modified_gmt":"2026-03-22T18:32:53","slug":"technologia-grapisun","status":"publish","type":"page","link":"https:\/\/grapos-softdrinks.cz\/?page_id=532","title":{"rendered":"Technol\u00f3gia GrapiSun"},"content":{"rendered":"\t\t<div data-elementor-type=\"wp-page\" data-elementor-id=\"532\" class=\"elementor elementor-532\" data-elementor-post-type=\"page\">\n\t\t\t\t<div class=\"elementor-element elementor-element-8c2cac3 e-flex e-con-boxed e-con e-parent\" data-id=\"8c2cac3\" data-element_type=\"container\" data-e-type=\"container\">\n\t\t\t\t\t<div class=\"e-con-inner\">\n\t\t\t\t<div class=\"elementor-element elementor-element-8f6f795 elementor-post-navigation-borders-yes elementor-widget elementor-widget-post-navigation\" data-id=\"8f6f795\" data-element_type=\"widget\" data-e-type=\"widget\" data-widget_type=\"post-navigation.default\">\n\t\t\t\t<div class=\"elementor-widget-container\">\n\t\t\t\t\t\t\t<div class=\"elementor-post-navigation\">\n\t\t\t<div class=\"elementor-post-navigation__prev elementor-post-navigation__link\">\n\t\t\t\t<a href=\"https:\/\/grapos-softdrinks.cz\/?page_id=530\" rel=\"prev\"><span class=\"post-navigation__arrow-wrapper post-navigation__arrow-prev\"><i class=\"fa fa-arrow-circle-left\" aria-hidden=\"true\"><\/i><span class=\"elementor-screen-only\">Prev<\/span><\/span><span class=\"elementor-post-navigation__link__prev\"><span class=\"post-navigation__prev--label\">P\u0159edchoz\u00ed str\u00e1nka<\/span><span class=\"post-navigation__prev--title\">Po\u010d\u00edta\u010dov\u00e9 d\u00e1vkovacie syst\u00e9my<\/span><\/span><\/a>\t\t\t<\/div>\n\t\t\t\t\t\t\t<div class=\"elementor-post-navigation__separator-wrapper\">\n\t\t\t\t\t<div class=\"elementor-post-navigation__separator\"><\/div>\n\t\t\t\t<\/div>\n\t\t\t\t\t\t<div class=\"elementor-post-navigation__next elementor-post-navigation__link\">\n\t\t\t\t<a href=\"https:\/\/grapos-softdrinks.cz\/?page_id=534\" rel=\"next\"><span class=\"elementor-post-navigation__link__next\"><span class=\"post-navigation__next--label\">Dal\u0161\u00ed str\u00e1nka<\/span><span class=\"post-navigation__next--title\">Technol\u00f3gia GrapiVit<\/span><\/span><span class=\"post-navigation__arrow-wrapper post-navigation__arrow-next\"><i class=\"fa fa-arrow-circle-right\" aria-hidden=\"true\"><\/i><span class=\"elementor-screen-only\">Next<\/span><\/span><\/a>\t\t\t<\/div>\n\t\t<\/div>\n\t\t\t\t\t\t<\/div>\n\t\t\t\t<\/div>\n\t\t\t\t\t<\/div>\n\t\t\t\t<\/div>\n\t\t<div class=\"elementor-element elementor-element-6cf40ba e-flex e-con-boxed e-con e-parent\" data-id=\"6cf40ba\" data-element_type=\"container\" data-e-type=\"container\">\n\t\t\t\t\t<div class=\"e-con-inner\">\n\t\t<div class=\"elementor-element elementor-element-d444913 e-con-full e-flex e-con e-child\" data-id=\"d444913\" data-element_type=\"container\" data-e-type=\"container\">\n\t\t\t\t<div class=\"elementor-element elementor-element-05884b7 elementor-widget elementor-widget-heading\" data-id=\"05884b7\" data-element_type=\"widget\" data-e-type=\"widget\" data-widget_type=\"heading.default\">\n\t\t\t\t<div class=\"elementor-widget-container\">\n\t\t\t\t\t<h2 class=\"elementor-heading-title elementor-size-default\">Sn\u00edda\u0148ov\u00e9 n\u00e1poje z perfektn\u00edch p\u0159\u00edstroj\u016f GrapiSan<\/h2>\t\t\t\t<\/div>\n\t\t\t\t<\/div>\n\t\t\t\t<div class=\"elementor-element elementor-element-eca4fc7 elementor-widget elementor-widget-text-editor\" data-id=\"eca4fc7\" data-element_type=\"widget\" data-e-type=\"widget\" data-widget_type=\"text-editor.default\">\n\t\t\t\t<div class=\"elementor-widget-container\">\n\t\t\t\t\t\t\t\t\t<p>Prvn\u00ed studen\u00fd n\u00e1poj r\u00e1no klade nejvy\u0161\u0161\u00ed n\u00e1roky na technologii \u010depov\u00e1n\u00ed. \u0160pi\u010dkov\u00e1 pultov\u00e1 za\u0159\u00edzen\u00ed Schankomat-GrapiSan nab\u00edz\u00ed \u0159e\u0161en\u00ed pro bufet, ale tak\u00e9 p\u0159\u00edpravu<br \/>v kancel\u00e1\u0159i. A samoz\u0159ejm\u011b s integrovanou funkc\u00ed \u010di\u0161t\u011bn\u00ed.<\/p>\t\t\t\t\t\t\t\t<\/div>\n\t\t\t\t<\/div>\n\t\t\t\t<\/div>\n\t\t\t\t\t<\/div>\n\t\t\t\t<\/div>\n\t\t<div class=\"elementor-element elementor-element-6e0218d e-flex e-con-boxed e-con e-parent\" data-id=\"6e0218d\" data-element_type=\"container\" data-e-type=\"container\">\n\t\t\t\t\t<div class=\"e-con-inner\">\n\t\t<div class=\"elementor-element elementor-element-64e483c e-con-full e-flex e-con e-child\" data-id=\"64e483c\" data-element_type=\"container\" data-e-type=\"container\">\n\t\t\t\t<div class=\"elementor-element elementor-element-32226e7 elementor-widget elementor-widget-heading\" data-id=\"32226e7\" data-element_type=\"widget\" data-e-type=\"widget\" data-widget_type=\"heading.default\">\n\t\t\t\t<div class=\"elementor-widget-container\">\n\t\t\t\t\t<h2 class=\"elementor-heading-title elementor-size-default\">Bufetov\u00fd p\u0159\u00edstroj Schankomat S21<\/h2>\t\t\t\t<\/div>\n\t\t\t\t<\/div>\n\t\t\t\t<div class=\"elementor-element elementor-element-260cab7 elementor-widget elementor-widget-text-editor\" data-id=\"260cab7\" data-element_type=\"widget\" data-e-type=\"widget\" data-widget_type=\"text-editor.default\">\n\t\t\t\t<div class=\"elementor-widget-container\">\n\t\t\t\t\t\t\t\t\t<div class=\"one_third last\"><ul><li>Bufetov\u00e9 za\u0159\u00edzen\u00ed s minim\u00e1ln\u00edmi n\u00e1roky na prostor<\/li><li>2 sn\u00edda\u0148ov\u00e9 n\u00e1poje GrapiSan na v\u00fdb\u011br<\/li><li>Za\u0159\u00edzen\u00ed obsahuje p\u0159\u00edvod chlazen\u00e9 vody<\/li><li>P\u0159esv\u011bd\u010div\u00e1 technika, atraktivn\u00ed design a v\u00fdhodn\u00e1 cena<\/li><\/ul><\/div>\t\t\t\t\t\t\t\t<\/div>\n\t\t\t\t<\/div>\n\t\t\t\t<\/div>\n\t\t<div class=\"elementor-element elementor-element-434bbb9 e-con-full e-flex e-con e-child\" data-id=\"434bbb9\" data-element_type=\"container\" data-e-type=\"container\">\n\t\t\t\t<div class=\"elementor-element elementor-element-29a1de9 elementor-widget elementor-widget-image\" data-id=\"29a1de9\" data-element_type=\"widget\" data-e-type=\"widget\" data-widget_type=\"image.default\">\n\t\t\t\t<div class=\"elementor-widget-container\">\n\t\t\t\t\t\t\t\t\t\t\t\t\t\t\t<img fetchpriority=\"high\" decoding=\"async\" width=\"300\" height=\"300\" src=\"https:\/\/grapos-softdrinks.cz\/wp-content\/uploads\/2026\/03\/Grapisan_S21_052023-300x300-1.webp\" class=\"attachment-medium size-medium wp-image-16549\" alt=\"\" srcset=\"https:\/\/grapos-softdrinks.cz\/wp-content\/uploads\/2026\/03\/Grapisan_S21_052023-300x300-1.webp 300w, https:\/\/grapos-softdrinks.cz\/wp-content\/uploads\/2026\/03\/Grapisan_S21_052023-300x300-1-150x150.webp 150w\" sizes=\"(max-width: 300px) 100vw, 300px\" \/>\t\t\t\t\t\t\t\t\t\t\t\t\t\t\t<\/div>\n\t\t\t\t<\/div>\n\t\t\t\t<\/div>\n\t\t\t\t\t<\/div>\n\t\t\t\t<\/div>\n\t\t<div class=\"elementor-element elementor-element-06c5def e-flex e-con-boxed e-con e-parent\" data-id=\"06c5def\" data-element_type=\"container\" data-e-type=\"container\">\n\t\t\t\t\t<div class=\"e-con-inner\">\n\t\t<div class=\"elementor-element elementor-element-d381cb0 e-con-full e-flex e-con e-child\" data-id=\"d381cb0\" data-element_type=\"container\" data-e-type=\"container\">\n\t\t\t\t<div class=\"elementor-element elementor-element-9c4bdc9 elementor-widget elementor-widget-heading\" data-id=\"9c4bdc9\" data-element_type=\"widget\" data-e-type=\"widget\" data-widget_type=\"heading.default\">\n\t\t\t\t<div class=\"elementor-widget-container\">\n\t\t\t\t\t<h2 class=\"elementor-heading-title elementor-size-default\">Bufetov\u00fd p\u0159\u00edstroj\nSchankomat \nS41<\/h2>\t\t\t\t<\/div>\n\t\t\t\t<\/div>\n\t\t\t\t<div class=\"elementor-element elementor-element-7136fe7 elementor-widget elementor-widget-text-editor\" data-id=\"7136fe7\" data-element_type=\"widget\" data-e-type=\"widget\" data-widget_type=\"text-editor.default\">\n\t\t\t\t<div class=\"elementor-widget-container\">\n\t\t\t\t\t\t\t\t\t<div class=\"one_third last\"><ul><li>A\u017e 4 sn\u00edda\u0148ov\u00e9 n\u00e1poje GrapiSan<\/li><li>Za\u0159\u00edzen\u00ed m\u00e1 p\u0159\u00edvod chlazen\u00e9 vody<\/li><li>V\u00fdborn\u00e1 kombinace techniky, designu a ceny<\/li><\/ul><\/div>\t\t\t\t\t\t\t\t<\/div>\n\t\t\t\t<\/div>\n\t\t\t\t<\/div>\n\t\t<div class=\"elementor-element elementor-element-6697f51 e-con-full e-flex e-con e-child\" data-id=\"6697f51\" data-element_type=\"container\" data-e-type=\"container\">\n\t\t\t\t<div class=\"elementor-element elementor-element-c9c139b elementor-widget elementor-widget-image\" data-id=\"c9c139b\" data-element_type=\"widget\" data-e-type=\"widget\" data-widget_type=\"image.default\">\n\t\t\t\t<div class=\"elementor-widget-container\">\n\t\t\t\t\t\t\t\t\t\t\t\t\t\t\t<img decoding=\"async\" width=\"300\" height=\"300\" src=\"https:\/\/grapos-softdrinks.cz\/wp-content\/uploads\/2026\/03\/Grapisan_S41_052023-1-300x300-1.webp\" class=\"attachment-medium size-medium wp-image-16550\" alt=\"\" srcset=\"https:\/\/grapos-softdrinks.cz\/wp-content\/uploads\/2026\/03\/Grapisan_S41_052023-1-300x300-1.webp 300w, https:\/\/grapos-softdrinks.cz\/wp-content\/uploads\/2026\/03\/Grapisan_S41_052023-1-300x300-1-150x150.webp 150w\" sizes=\"(max-width: 300px) 100vw, 300px\" \/>\t\t\t\t\t\t\t\t\t\t\t\t\t\t\t<\/div>\n\t\t\t\t<\/div>\n\t\t\t\t<\/div>\n\t\t\t\t\t<\/div>\n\t\t\t\t<\/div>\n\t\t<div class=\"elementor-element elementor-element-eaaee5d e-flex e-con-boxed e-con e-parent\" data-id=\"eaaee5d\" data-element_type=\"container\" data-e-type=\"container\">\n\t\t\t\t\t<div class=\"e-con-inner\">\n\t\t<div class=\"elementor-element elementor-element-feb659b e-con-full e-flex e-con e-child\" data-id=\"feb659b\" data-element_type=\"container\" data-e-type=\"container\">\n\t\t\t\t<div class=\"elementor-element elementor-element-ddde5b9 elementor-widget elementor-widget-heading\" data-id=\"ddde5b9\" data-element_type=\"widget\" data-e-type=\"widget\" data-widget_type=\"heading.default\">\n\t\t\t\t<div class=\"elementor-widget-container\">\n\t\t\t\t\t<h2 class=\"elementor-heading-title elementor-size-default\">Bufetov\u00fd p\u0159\u00edstroj\nSchankomat \nS4<\/h2>\t\t\t\t<\/div>\n\t\t\t\t<\/div>\n\t\t\t\t<div class=\"elementor-element elementor-element-57ea5ae elementor-widget elementor-widget-text-editor\" data-id=\"57ea5ae\" data-element_type=\"widget\" data-e-type=\"widget\" data-widget_type=\"text-editor.default\">\n\t\t\t\t<div class=\"elementor-widget-container\">\n\t\t\t\t\t\t\t\t\t<div class=\"one_third last\"><ul><li>Komplexn\u00ed bufetov\u00e9 za\u0159\u00edzen\u00ed<\/li><li>Vybaveno technologi\u00ed GrapiSan<\/li><li>Prostor pro t\u0159i 3-kilogramov\u00e9 boxy <\/li><li>Integrovan\u00e1 funkce \u010di\u0161t\u011bn\u00ed a automatick\u00e9ho vypnut\u00ed p\u0159i sirupov\u00e9m pr\u00e1zdn\u00e9m boxu<\/li><\/ul><\/div>\t\t\t\t\t\t\t\t<\/div>\n\t\t\t\t<\/div>\n\t\t\t\t<\/div>\n\t\t<div class=\"elementor-element elementor-element-f18536f e-con-full e-flex e-con e-child\" data-id=\"f18536f\" data-element_type=\"container\" data-e-type=\"container\">\n\t\t\t\t<div class=\"elementor-element elementor-element-1325676 elementor-widget elementor-widget-image\" data-id=\"1325676\" data-element_type=\"widget\" data-e-type=\"widget\" data-widget_type=\"image.default\">\n\t\t\t\t<div class=\"elementor-widget-container\">\n\t\t\t\t\t\t\t\t\t\t\t\t\t\t\t<img decoding=\"async\" width=\"300\" height=\"300\" src=\"https:\/\/grapos-softdrinks.cz\/wp-content\/uploads\/2026\/03\/Grapisan_S4_052023-1-300x300-1.webp\" class=\"attachment-medium size-medium wp-image-16551\" alt=\"\" srcset=\"https:\/\/grapos-softdrinks.cz\/wp-content\/uploads\/2026\/03\/Grapisan_S4_052023-1-300x300-1.webp 300w, https:\/\/grapos-softdrinks.cz\/wp-content\/uploads\/2026\/03\/Grapisan_S4_052023-1-300x300-1-150x150.webp 150w\" sizes=\"(max-width: 300px) 100vw, 300px\" \/>\t\t\t\t\t\t\t\t\t\t\t\t\t\t\t<\/div>\n\t\t\t\t<\/div>\n\t\t\t\t<\/div>\n\t\t\t\t\t<\/div>\n\t\t\t\t<\/div>\n\t\t<div class=\"elementor-element elementor-element-f08fa49 e-flex e-con-boxed e-con e-parent\" data-id=\"f08fa49\" data-element_type=\"container\" data-e-type=\"container\">\n\t\t\t\t\t<div class=\"e-con-inner\">\n\t\t<div class=\"elementor-element elementor-element-9030759 e-con-full e-flex e-con e-child\" data-id=\"9030759\" data-element_type=\"container\" data-e-type=\"container\">\n\t\t\t\t<div class=\"elementor-element elementor-element-a22b138 elementor-widget elementor-widget-heading\" data-id=\"a22b138\" data-element_type=\"widget\" data-e-type=\"widget\" data-widget_type=\"heading.default\">\n\t\t\t\t<div class=\"elementor-widget-container\">\n\t\t\t\t\t<h2 class=\"elementor-heading-title elementor-size-default\">Bufetov\u00e9 za\u0159\u00edzen\u00ed Schankomat S4-Tank (voliteln\u00e9 )<\/h2>\t\t\t\t<\/div>\n\t\t\t\t<\/div>\n\t\t\t\t<div class=\"elementor-element elementor-element-36a90a0 elementor-widget elementor-widget-text-editor\" data-id=\"36a90a0\" data-element_type=\"widget\" data-e-type=\"widget\" data-widget_type=\"text-editor.default\">\n\t\t\t\t<div class=\"elementor-widget-container\">\n\t\t\t\t\t\t\t\t\t<div class=\"one_third last\"><ul><li>Technologie Schankomat S4 s integrovan\u00fdm z\u00e1sobn\u00edkem vody<\/li><li>Bufetov\u00e9 za\u0159\u00edzen\u00ed Schankomat S4 jako nez\u00e1visl\u00e1 v\u00fd\u010depn\u00ed stanice<\/li><li>Mo\u017enost pou\u017eit\u00ed na r\u016fzn\u00fdch m\u00edstech, nap\u0159\u00edklad v semin\u00e1rn\u00edch prostor\u00e1ch<br \/>Jednoduch\u00e9 zapojen\u00ed a pou\u017eit\u00ed<\/li><\/ul><\/div>\t\t\t\t\t\t\t\t<\/div>\n\t\t\t\t<\/div>\n\t\t\t\t<\/div>\n\t\t<div class=\"elementor-element elementor-element-2e36857 e-con-full e-flex e-con e-child\" data-id=\"2e36857\" data-element_type=\"container\" data-e-type=\"container\">\n\t\t\t\t<div class=\"elementor-element elementor-element-1efafe0 elementor-widget elementor-widget-image\" data-id=\"1efafe0\" data-element_type=\"widget\" data-e-type=\"widget\" data-widget_type=\"image.default\">\n\t\t\t\t<div class=\"elementor-widget-container\">\n\t\t\t\t\t\t\t\t\t\t\t\t\t\t\t<img loading=\"lazy\" decoding=\"async\" width=\"300\" height=\"300\" src=\"https:\/\/grapos-softdrinks.cz\/wp-content\/uploads\/2026\/03\/Grapisan_S4-Tank_052023-300x300-1.webp\" class=\"attachment-medium size-medium wp-image-16552\" alt=\"\" srcset=\"https:\/\/grapos-softdrinks.cz\/wp-content\/uploads\/2026\/03\/Grapisan_S4-Tank_052023-300x300-1.webp 300w, https:\/\/grapos-softdrinks.cz\/wp-content\/uploads\/2026\/03\/Grapisan_S4-Tank_052023-300x300-1-150x150.webp 150w\" sizes=\"(max-width: 300px) 100vw, 300px\" \/>\t\t\t\t\t\t\t\t\t\t\t\t\t\t\t<\/div>\n\t\t\t\t<\/div>\n\t\t\t\t<\/div>\n\t\t\t\t\t<\/div>\n\t\t\t\t<\/div>\n\t\t\t\t<\/div>\n\t\t","protected":false},"excerpt":{"rendered":"<p>Sn\u00edda\u0148ov\u00e9 n\u00e1poje z perfektn\u00edch p\u0159\u00edstroj\u016f GrapiSan Prvn\u00ed studen\u00fd n\u00e1poj r\u00e1no klade nejvy\u0161\u0161\u00ed n\u00e1roky na technologii \u010depov\u00e1n\u00ed. \u0160pi\u010dkov\u00e1 pultov\u00e1 za\u0159\u00edzen\u00ed Schankomat-GrapiSan nab\u00edz\u00ed \u0159e\u0161en\u00ed pro bufet, ale tak\u00e9 p\u0159\u00edpravuv kancel\u00e1\u0159i. A samoz\u0159ejm\u011b s integrovanou funkc\u00ed \u010di\u0161t\u011bn\u00ed. Bufetov\u00fd p\u0159\u00edstroj Schankomat S21 Bufetov\u00e9 za\u0159\u00edzen\u00ed s minim\u00e1ln\u00edmi n\u00e1roky na prostor 2 sn\u00edda\u0148ov\u00e9 n\u00e1poje GrapiSan na v\u00fdb\u011br Za\u0159\u00edzen\u00ed obsahuje p\u0159\u00edvod chlazen\u00e9 [&hellip;]<\/p>\n","protected":false},"author":1,"featured_media":0,"parent":0,"menu_order":0,"comment_status":"closed","ping_status":"closed","template":"elementor_header_footer","meta":{"footnotes":""},"class_list":["post-532","page","type-page","status-publish","hentry","entry"],"_links":{"self":[{"href":"https:\/\/grapos-softdrinks.cz\/index.php?rest_route=\/wp\/v2\/pages\/532","targetHints":{"allow":["GET"]}}],"collection":[{"href":"https:\/\/grapos-softdrinks.cz\/index.php?rest_route=\/wp\/v2\/pages"}],"about":[{"href":"https:\/\/grapos-softdrinks.cz\/index.php?rest_route=\/wp\/v2\/types\/page"}],"author":[{"embeddable":true,"href":"https:\/\/grapos-softdrinks.cz\/index.php?rest_route=\/wp\/v2\/users\/1"}],"replies":[{"embeddable":true,"href":"https:\/\/grapos-softdrinks.cz\/index.php?rest_route=%2Fwp%2Fv2%2Fcomments&post=532"}],"version-history":[{"count":43,"href":"https:\/\/grapos-softdrinks.cz\/index.php?rest_route=\/wp\/v2\/pages\/532\/revisions"}],"predecessor-version":[{"id":16555,"href":"https:\/\/grapos-softdrinks.cz\/index.php?rest_route=\/wp\/v2\/pages\/532\/revisions\/16555"}],"wp:attachment":[{"href":"https:\/\/grapos-softdrinks.cz\/index.php?rest_route=%2Fwp%2Fv2%2Fmedia&parent=532"}],"curies":[{"name":"wp","href":"https:\/\/api.w.org\/{rel}","templated":true}]}}